hen 10868658 is divided by 33?
9
Calculate the remainder when 134959 is divided by 1652.
1147
Calculate the remainder when 4708182 is divided by 308.
94
What is the remainder when 7386222 is divided by 376?
78
What is the remainder when 167376 is divided by 55709?
249
What is the remainder when 66253608 is divided by 33126791?
26
Calculate the remainder when 152901 is divided by 30516.
321
What is the remainder when 1236183 is divided by 1304?
1295
What is the remainder when 7830759 is divided by 2719?
39
Calculate the remainder when 155641 is divided by 1930.
1241
What is the remainder when 142277419 is divided by 47425803?
10
Calculate the remainder when 4702 is divided by 2369.
2333
What is the remainder when 50489 is divided by 16549?
842
What is the remainder when 26588030 is divided by 22?
18
Calculate the remainder when 181205 is divided by 61.
35
What is the remainder when 289645 is divided by 1061?
1053
Calculate the remainder when 617953 is divided by 1282.
29
What is the remainder when 615034 is divided by 5395?
4
What is the remainder when 11243299 is divided by 470?
429
Calculate the remainder when 88748825 is divided by 717.
716
What is the remainder when 53132209 is divided by 2137?
2115
Calculate the remainder when 5673 is divided by 1891.
0
Calculate the remainder when 157521082 is divided by 1145.
1142
Calculate the remainder when 83952921 is divided by 5701.
5696
What is the remainder when 42047 is divided by 1485?
467
Calculate the remainder when 750051062 is divided by 19.
13
What is the remainder when 16576059 is divided by 115916?
71
What is the remainder when 25580 is divided by 8399?
383
What is the remainder when 89001606 is divided by 12192?
6
What is the remainder when 274811685 is divided by 13?
5
Calculate the remainder when 5865 is divided by 2099.
1667
What is the remainder when 440398 is divided by 143?
101
Calculate the remainder when 132072 is divided by 32923.
380
Calculate the remainder when 703898646 is divided by 149.
147
Calculate the remainder when 2938350 is divided by 1335.
15
Calculate the remainder when 506410889 is divided by 267.
266
What is the remainder when 262384 is divided by 123548?
15288
What is the remainder when 1491547 is divided by 496919?
790
What is the remainder when 11093362 is divided by 693335?
2
What is the remainder when 677695 is divided by 3198?
2917
Calculate the remainder when 34525 is divided by 3133.
62
What is the remainder when 541580 is divided by 59?
19
Calculate the remainder when 68900349 is divided by 2976.
2973
What is the remainder when 86049 is divided by 4097?
12
Calculate the remainder when 4240965 is divided by 4310.
4235
What is the remainder when 1457299 is divided by 17?
8
What is the remainder when 487421 is divided by 186?
101
Calculate the remainder when 198541 is divided by 2757.
37
Calculate the remainder when 174640804 is divided by 1546.
6
Calculate the remainder when 26327805 is divided by 12.
9
Calculate the remainder when 88793898 is divided by 24.
18
Calculate the remainder when 240741 is divided by 1331.
1161
What is the remainder when 34188 is divided by 2439?
42
Calculate the remainder when 288585035 is divided by 9.
8
Calculate the remainder when 11714603 is divided by 306.
5
Calculate the remainder when 29777 is divided by 113.
58
Calculate the remainder when 23494 is divided by 1404.
1030
What is the remainder when 228393 is divided by 111581?
5231
What is the remainder when 3758718 is divided by 722?
708
What is the remainder when 607332 is divided by 2685?
522
Calculate the remainder when 254004 is divided by 153.
24
What is the remainder when 154815 is divided by 10305?
240
What is the remainder when 6495741 is divided by 548?
297
Calculate the remainder when 229326 is divided by 1349.
1345
What is the remainder when 4938487 is divided by 176364?
295
Calculate the remainder when 3289908 is divided by 182.
76
What is the remainder when 20895774 is divided by 1901?
1883
What is the remainder when 313703774 is divided by 11?
10
Calculate the remainder when 17740525 is divided by 207.
4
Calculate the remainder when 793223 is divided by 1472.
1287
Calculate the remainder when 6522529 is divided by 74119.
57
Calculate the remainder when 1985944 is divided by 17.
4
Calculate the remainder when 246658 is divided by 173.
133
Calculate the remainder when 7081346 is divided by 18441.
2
Calculate the remainder when 320077 is divided by 42.
37
Calculate the remainder when 46226 is divided by 58.
0
What is the remainder when 66551165 is divided by 3258?
3257
What is the remainder when 68582686 is divided by 276?
274
What is the remainder when 351115 is divided by 255?
235
What is the remainder when 1378006 is divided by 7291?
7
What is the remainder when 211940 is divided by 42354?
170
What is the remainder when 4171972 is divided by 15338?
36
Calculate the remainder when 902727 is divided by 90241.
317
What is the remainder when 19319047 is divided by 4829757?
19
What is the remainder when 7892690 is divided by 2516?
2514
Calculate the remainder when 1016740 is divided by 169452.
28
What is the remainder when 11176 is divided by 11044?
132
What is the remainder when 11184176 is divided by 9880?
16
Calculate the remainder when 2430986 is divided by 492.
14
Calculate the remainder when 8347945 is divided by 390.
385
Calculate the remainder when 788984 is divided by 97.
83
Calculate the remainder when 14287618 is divided by 1792.
2
Calculate the remainder when 174950 is divided by 3610.
1670
What is the remainder when 40566045 is divided by 375611?
57
Calculate the remainder when 128443530 is divided by 183229.
1
Calculate the remainder when 398137702 is divided by 132712567.
1
Calculate the remainder when 2144411 is divided by 1556.
243
What is the remainder when 3159706 is divided by 12?
10
Calculate the remainder when 4989827 is divided by 56065.
42
Calculate the remainder when 4381785 is divided by 64438.
1
Calculate the remainder when 11499910 is divided by 171.
160
What is the remainder when 25037 is divided by 28?
5
Calculate the remainder when 43418742 is divided by 4824304.
6
Calculate the remainder when 2127118 is divided by 8055.
598
Calculate the remainder when 269437 is divided by 269239.
198
What is the remainder when 48257 is divided by 9207?
2222
What is the remainder when 3184682 is divided by 665?
662
Calculate the remainder when 18743 is divided by 778.
71
Calculate the remainder when 49228 is divided by 369.
151
Calculate the remainder when 101621547 is divided by 804.
771
Calculate the remainder when 559596 is divided by 1084.
252
Calculate the remainder when 3348328 is divided by 1674099.
130
What is the remainder when 1611455 is divided by 1636?
1631
Calculate the remainder when 99671 is divided by 201.
176
Calculate the remainder when 6154054 is divided by 2441.
293
What is the remainder when 317580 is divided by 105803?
171
What is the remainder when 7112287 is divided by 36473?
52
Calculate the remainder when 122444787 is divided by 67.
9
What is the remainder when 23794 is divided by 9320?
5154
Calculate the remainder when 157254 is divided by 5376.
1350
Calculate the remainder when 42578 is divided by 5973.
767
What is the remainder when 1673231 is divided by 590?
581
What is the remainder when 10613948 is divided by 1409?
1360
Calculate the remainder when 468414 is divided by 503.
121
What is the remainder when 357319 is divided by 795?
364
Calculate the remainder when 8590021 is divided by 982.
467
What is the remainder when 901893 is divided by 450509?
875
What is the remainder when 1028741 is divided by 2055?
1241
Calculate the remainder when 115121902 is divided by 23024378.
12
Calculate the remainder when 15818087 is divided by 52.
51
What is the remainder when 1392917 is divided by 377?
279
What is the remainder when 748737 is divided by 44040?
57
Calculate the remainder when 144669 is divided by 939.
63
Calculate the remainder when 611332 is divided by 5711.
255
Calculate the remainder when 34287854 is divided by 80.
14
What is the remainder when 2656889 is divided by 311?
16
Calculate the remainder when 795892 is divided by 271.
236
Calculate the remainder when 77576606 is divided by 85249.
16
Calculate the rema